 thousands digit of 196243094?
3
What is the ten thousands digit of 146428988?
2
What is the thousands digit of 595671493?
1
What is the ten millions digit of 951450217?
5
What is the ten thousands digit of 52964024?
6
What is the millions digit of 943168417?
3
What is the ten millions digit of 803278444?
0
What is the tens digit of 38615996?
9
What is the hundred thousands digit of 5659762?
6
What is the tens digit of 67251065?
6
What is the tens digit of 178010046?
4
What is the hundred millions digit of 2909578841?
9
What is the units digit of 108993947?
7
What is the ten millions digit of 55609350?
5
What is the thousands digit of 1429381750?
1
What is the hundred millions digit of 2389925510?
3
What is the tens digit of 18255090?
9
What is the thousands digit of 333721853?
1
What is the hundreds digit of 272921689?
6
What is the ten thousands digit of 92539968?
3
What is the ten millions digit of 245370589?
4
What is the units digit of 64415511?
1
What is the ten millions digit of 4155148207?
5
What is the hundred thousands digit of 2922940671?
9
What is the hundred thousands digit of 237268649?
2
What is the ten thousands digit of 812622152?
2
What is the units digit of 581034000?
0
What is the thousands digit of 5947193812?
3
What is the tens digit of 632460572?
7
What is the tens digit of 349889811?
1
What is the ten millions digit of 99812643?
9
What is the thousands digit of 256653636?
3
What is the thousands digit of 81669032?
9
What is the units digit of 38200713?
3
What is the tens digit of 1126668937?
3
What is the hundred millions digit of 2402445865?
4
What is the tens digit of 1355548516?
1
What is the hundred millions digit of 254619435?
2
What is the ten millions digit of 253832796?
5
What is the units digit of 40809152?
2
What is the billions digit of 2469417851?
2
What is the ten millions digit of 224886177?
2
What is the hundred millions digit of 6982254262?
9
What is the hundreds digit of 217308679?
6
What is the hundred millions digit of 173681054?
1
What is the units digit of 4423473390?
0
What is the millions digit of 187361514?
7
What is the hundred millions digit of 6924701191?
9
What is the ten millions digit of 3685004285?
8
What is the ten thousands digit of 58099988?
9
What is the units digit of 138325813?
3
What is the hundreds digit of 819777479?
4
What is the hundred thousands digit of 917079370?
0
What is the billions digit of 1248582487?
1
What is the units digit of 101786886?
6
What is the units digit of 590617549?
9
What is the units digit of 5962038?
8
What is the tens digit of 88419252?
5
What is the hundred thousands digit of 1353157197?
1
What is the millions digit of 1862780?
1
What is the hundred millions digit of 617587185?
6
What is the millions digit of 253600929?
3
What is the tens digit of 18817912?
1
What is the hundred millions digit of 7938535467?
9
What is the millions digit of 15408578?
5
What is the millions digit of 286546895?
6
What is the thousands digit of 667132838?
2
What is the ten thousands digit of 73132922?
3
What is the millions digit of 464863235?
4
What is the ten millions digit of 118896434?
1
What is the ten thousands digit of 111619606?
1
What is the hundred millions digit of 159313262?
1
What is the hundreds digit of 13346896?
8
What is the hundreds digit of 77727818?
8
What is the millions digit of 775873466?
5
What is the units digit of 104971161?
1
What is the hundred millions digit of 152062725?
1
What is the hundred thousands digit of 548338640?
3
What is the ten millions digit of 335236577?
3
What is the hundreds digit of 138479806?
8
What is the tens digit of 1068352254?
5
What is the hundreds digit of 1499184903?
9
What is the hundred thousands digit of 1064115402?
1
What is the thousands digit of 1156891823?
1
What is the millions digit of 9274334?
9
What is the ten millions digit of 11797599?
1
What is the hundreds digit of 109470153?
1
What is the hundreds digit of 2193565910?
9
What is the tens digit of 1863914900?
0
What is the ten thousands digit of 82376118?
7
What is the ten thousands digit of 132774509?
7
What is the tens digit of 22866585?
8
What is the thousands digit of 64166879?
6
What is the millions digit of 1497210857?
7
What is the thousands digit of 65659461?
9
What is the ten millions digit of 1403320578?
0
What is the ten thousands digit of 20211812?
1
What is the ten millions digit of 218637917?
1
What is the hundred thousands digit of 4438649851?
6
What is the millions digit of 591622494?
1
What is the ten thousands digit of 46534002?
3
What is the billions digit of 1527904300?
1
What is the hundred thousands digit of 5992239790?
2
What is the ten thousands digit of 367803543?
0
What is the hundred millions digit of 191711205?
1
What is the ten millions digit of 23711403?
2
What is the millions digit of 2616204396?
6
What is the ten thousands digit of 2335812407?
1
What is the tens digit of 15095817?
1
What is the thousands digit of 775324143?
4
What is the hundreds digit of 73052943?
9
What is the millions digit of 496661701?
6
What is the millions digit of 670115199?
0
What is the hundred thousands digit of 38743749?
7
What is the ten thousands digit of 18667441?
6
What is the units digit of 102305867?
7
What is the tens digit of 2181468321?
2
What is the hundred thousands digit of 182032814?
0
What is the ten thousands digit of 720287716?
8
What is the hundreds digit of 4592839372?
3
What is the hundred thousands digit of 18932705?
9
What is the ten thousands digit of 4779457279?
5
What is the units digit of 883868654?
4
What is the ten millions digit of 93527464?
9
What is the hundred thousands digit of 101473922?
4
What is the hundreds digit of 867470636?
6
What is the ten millions digit of 49736893?
4
What is the ten thousands digit of 1331856934?
5
What is the millions digit of 96659421?
6
What is the thousands digit of 1523543851?
3
What is the hundred thousands digit of 162638072?
6
What is the hundred millions digit of 141155024?
1
What is the units digit of 1069818?
8
What is the hundreds digit of 1660618?
6
What is the hundreds digit of 20252684?
6
What is the hundred millions digit of 114342969?
1
What is the hundred thousands digit of 2061266646?
2
What is the hundreds digit of 52735425?
4
What is the tens digit of 781520855?
5
What is the hundred thousands digit of 3462731264?
7
What is the tens digit of 238626281?
8
What is the millions digit of 81323650?
1
What is the ten millions digit of 141095203?
4
What is the billions digit of 1793668527?
1
What is the ten millions digit of 93959812?
9
What is the hundreds digit of 1590722522?
5
What is the tens digit of 209984823?
2
What is the hundreds digit of 485795713?
7
What is the ten thousands digit of 372551847?
5
What is the billions digit of 2606686634?
2
What is the hundreds digit of 416965930?
9
What is the hundred millions digit of 7917889347?
9
What is the hundreds digit of 224604881?
8
What is the thousands digit of 613681560?
1
What is the hundred thousands digit of 2218639788?
6
What is the hundreds digit of 6406418?
4
What is the hundreds digit of 249127186?
1
What is the millions digit of 196343454?
6
What is the millions digit of 13119938?
3
What is the hundred thousands digit of 1817541196?
5
What is the units digit of 2039925956?
6
What is the thousands digit of 2606240?
6
What is the billions digit of 1141766497?
1
What is the millions digit of 946018137?
6
What is the ten thousands digit of 72593845?
9
What is the tens digit of 1015250675?
7
What is the hundreds digit of 335130879?
8
What is the ten thousands digit of 941312215?
1
What is the tens digit of 109517486?
8
What is the tens digit of 51114168?
6
What is the units digit of 123882304?
4
What is the units digit of 4665239384?
4
What is the units digit of 7061964201?
1
What is the hundreds digit of 923206422?
4
What is the hundreds digit of 54662774?
7
What is the ten thousands digit of 200434619?
3
What is the tens digit of 1154207936?
3
What is the ten thousands digit of 76748951?
4
What is the hundred millions digit of 454333152?
4
What is the thousands digit of 15520317?
0
What is the units digit of 2376797520?
0
What is the millions digit of 32865038?
2
What is the hundred thousands digit of 5617